d by 35?
21
Calculate the remainder when 246 is divided by 80.
6
Calculate the remainder when 32 is divided by 25.
7
Calculate the remainder when 1678 is divided by 817.
44
Calculate the remainder when 149 is divided by 54.
41
Calculate the remainder when 1201 is divided by 296.
17
What is the remainder when 127 is divided by 19?
13
Calculate the remainder when 2068 is divided by 94.
0
What is the remainder when 543 is divided by 8?
7
What is the remainder when 7926 is divided by 130?
126
What is the remainder when 1461 is divided by 209?
207
Calculate the remainder when 86 is divided by 22.
20
Calculate the remainder when 489 is divided by 70.
69
Calculate the remainder when 31 is divided by 19.
12
What is the remainder when 127 is divided by 121?
6
What is the remainder when 2378 is divided by 766?
80
What is the remainder when 1065 is divided by 43?
33
Calculate the remainder when 397 is divided by 57.
55
Calculate the remainder when 222 is divided by 9.
6
What is the remainder when 329 is divided by 67?
61
What is the remainder when 186 is divided by 78?
30
What is the remainder when 105 is divided by 72?
33
What is the remainder when 516 is divided by 103?
1
Calculate the remainder when 169 is divided by 60.
49
Calculate the remainder when 131 is divided by 46.
39
What is the remainder when 304 is divided by 34?
32
What is the remainder when 62 is divided by 28?
6
What is the remainder when 1403 is divided by 13?
12
Calculate the remainder when 173 is divided by 30.
23
Calculate the remainder when 487 is divided by 13.
6
Calculate the remainder when 102 is divided by 6.
0
What is the remainder when 1404 is divided by 30?
24
What is the remainder when 186 is divided by 14?
4
Calculate the remainder when 219 is divided by 4.
3
Calculate the remainder when 1099 is divided by 275.
274
What is the remainder when 207 is divided by 45?
27
What is the remainder when 380 is divided by 101?
77
Calculate the remainder when 65 is divided by 6.
5
What is the remainder when 83 is divided by 80?
3
Calculate the remainder when 182 is divided by 1.
0
What is the remainder when 125 is divided by 38?
11
What is the remainder when 15 is divided by 3?
0
What is the remainder when 1036 is divided by 86?
4
What is the remainder when 86 is divided by 13?
8
What is the remainder when 156 is divided by 7?
2
What is the remainder when 231 is divided by 90?
51
Calculate the remainder when 175 is divided by 26.
19
Calculate the remainder when 259 is divided by 125.
9
Calculate the remainder when 44 is divided by 12.
8
What is the remainder when 1150 is divided by 16?
14
What is the remainder when 187 is divided by 95?
92
What is the remainder when 966 is divided by 4?
2
What is the remainder when 532 is divided by 16?
4
Calculate the remainder when 361 is divided by 61.
56
What is the remainder when 377 is divided by 76?
73
Calculate the remainder when 73 is divided by 63.
10
Calculate the remainder when 1281 is divided by 32.
1
Calculate the remainder when 464 is divided by 114.
8
Calculate the remainder when 317 is divided by 53.
52
What is the remainder when 656 is divided by 2?
0
Calculate the remainder when 85 is divided by 29.
27
Calculate the remainder when 18413 is divided by 198.
197
Calculate the remainder when 3368 is divided by 1119.
11
Calculate the remainder when 1117 is divided by 40.
37
Calculate the remainder when 96 is divided by 24.
0
What is the remainder when 13191 is divided by 65?
61
What is the remainder when 89 is divided by 22?
1
Calculate the remainder when 335 is divided by 90.
65
Calculate the remainder when 295 is divided by 37.
36
Calculate the remainder when 19681 is divided by 148.
145
What is the remainder when 105 is divided by 39?
27
What is the remainder when 2893 is divided by 15?
13
Calculate the remainder when 247 is divided by 66.
49
What is the remainder when 1293 is divided by 54?
51
Calculate the remainder when 1804 is divided by 21.
19
Calculate the remainder when 439 is divided by 197.
45
What is the remainder when 35 is divided by 6?
5
Calculate the remainder when 1426 is divided by 14.
12
Calculate the remainder when 239 is divided by 212.
27
Calculate the remainder when 233 is divided by 79.
75
Calculate the remainder when 5119 is divided by 16.
15
What is the remainder when 421 is divided by 186?
49
What is the remainder when 377 is divided by 20?
17
Calculate the remainder when 122 is divided by 26.
18
Calculate the remainder when 426 is divided by 108.
102
Calculate the remainder when 350 is divided by 88.
86
Calculate the remainder when 1203 is divided by 200.
3
What is the remainder when 118 is divided by 37?
7
What is the remainder when 232 is divided by 47?
44
Calculate the remainder when 1621 is divided by 14.
11
What is the remainder when 1920 is divided by 46?
34
What is the remainder when 61 is divided by 10?
1
Calculate the remainder when 1233 is divided by 114.
93
What is the remainder when 9803 is divided by 101?
6
What is the remainder when 523 is divided by 41?
31
Calculate the remainder when 226 is divided by 29.
23
Calculate the remainder when 943 is divided by 24.
7
What is the remainder when 6135 is divided by 99?
96
What is the remainder when 250 is divided by 51?
46
Calculate the remainder when 16 is divided by 4.
0
Calculate the remainder when 509 is divided by 113.
57
Calculate the remainder when 480 is divided by 81.
75
Calculate the remainder when 592 is divided by 12.
4
What is the remainder when 1830 is divided by 25?
5
What is the remainder when 16 is divided by 7?
2
What is the remainder when 3174 is divided by 96?
6
What is the remainder when 5249 is divided by 37?
32
Calculate the remainder when 121 is divided by 37.
10
What is the remainder when 2208 is divided by 198?
30
What is the remainder when 1284 is divided by 41?
13
Calculate the remainder when 312 is divided by 101.
9
What is the remainder when 5469 is divided by 171?
168
What is the remainder when 628 is divided by 47?
17
What is the remainder when 2157 is divided by 144?
141
What is the remainder when 50 is divided by 17?
16
Calculate the remainder when 1726 is divided by 8.
6
Calculate the remainder when 1137 is divided by 57.
54
What is the remainder when 14484 is divided by 10?
4
What is the remainder when 7765 is divided by 17?
13
Calculate the remainder when 156 is divided by 106.
50
What is the remainder when 647 is divided by 80?
7
What is the remainder when 6913 is divided by 91?
88
Calculate the remainder when 105 is divided by 4.
1
Calculate the remainder when 444 is divided by 114.
102
Calculate the remainder when 5144 is divided by 105.
104
What is the remainder when 164 is divided by 36?
20
What is the remainder when 1681 is divided by 331?
26
What is the remainder when 170 is divided by 11?
5
Calculate the remainder when 94 is divided by 33.
28
Calculate the remainder when 957 is divided by 16.
13
What is the remainder when 3917 is divided by 196?
193
Calculate the remainder when 69 is divided by 32.
5
What is the remainder when 3669 is divided by 3646?
23
What is the remainder when 382 is divided by 96?
94
What is the remainder when 274 is divided by 40?
34
What is the remainder when 6718 is divided by 10?
8
Calculate the remainder when 2156 is divided by 7.
0
Calculate the remainder when 2240 is divided by 12.
8
Calculate the remainder when 7987 is divided by 61.
57
Calculate the remainder when 3544 is divided by 1173.
25
What is the remainder when 2145 is divided by 3?
0
Calculate the remainder when 148 is divided by 6.
4
What is the remainder when 134 is divided by 105?
29
What is the remainder when 4030 is divided by 48?
46
What is the remainder when 15 is divided by 6?
3
Calculate the remainder when 77 is divided by 26.
25
What is the remainder when 333 is divided by 159?
15
Calculate the remainder when 248 is divided by 84.
80
What is the remainder when 518 is divided by 463?
55
What is the remainder when 2651 is divided by 72?
59
Calculate the remainder when 1245 is divided by 32.
29
Calculate the remainder when 17 is divided by 6.
5
What is the remainder when 313 is divided by 31?
3
What is the remainder when 438 is divided by 4?
2
Calculate the remainder when 1032 is divided by 23.
20
What is the 